mber?
False
Is 7981 prime?
False
Is 3043 a prime number?
False
Is 121645 a composite number?
True
Is 3281581 a prime number?
False
Is 133997 a composite number?
True
Is 1756707 a prime number?
False
Is 20089 prime?
True
Is 1207447 a composite number?
False
Is 232873 a composite number?
True
Is 123049 a composite number?
False
Is 20486 composite?
True
Is 27641 a composite number?
True
Is 605093 a prime number?
False
Is 8963 a prime number?
True
Is 5293 a composite number?
True
Is 77317 a composite number?
False
Is 12077 a composite number?
True
Is 9791 composite?
False
Is 185 prime?
False
Is 24407 composite?
False
Is 98269 composite?
False
Is 277157 prime?
True
Is 5141 prime?
False
Is 4201 a composite number?
False
Is 12199 a composite number?
True
Is 31687 composite?
False
Is 65497 a prime number?
True
Is 2413 a composite number?
True
Is 9227 a composite number?
False
Is 86585 a prime number?
False
Is 9587 prime?
True
Is 691 composite?
False
Is 9527 prime?
False
Is 575767 composite?
True
Is 68347 a prime number?
False
Is 627559 a prime number?
True
Is 474553 a prime number?
False
Is 80243 a composite number?
True
Is 57383 prime?
True
Is 58477 composite?
False
Is 12797 composite?
True
Is 135491 a composite number?
True
Is 15509 a prime number?
False
Is 162203 a composite number?
True
Is 24286 a prime number?
False
Is 37781 prime?
True
Is 234373 a prime number?
False
Is 993197 a composite number?
False
Is 340541 a composite number?
False
Is 15479 a prime number?
False
Is 28829 composite?
True
Is 990761 prime?
True
Is 380615 a prime number?
False
Is 203713 a composite number?
False
Is 40637 prime?
True
Is 12197 prime?
True
Is 1122853 a prime number?
False
Is 14513 a prime number?
False
Is 79777 prime?
True
Is 907 prime?
True
Is 1735109 composite?
False
Is 3271 a prime number?
True
Is 68071 prime?
True
Is 1147331 composite?
False
Is 48247 composite?
False
Is 5309 a composite number?
False
Is 296785 a prime number?
False
Is 5147 a prime number?
True
Is 48331 composite?
True
Is 219353 composite?
False
Is 9799 a prime number?
False
Is 540817 a prime number?
False
Is 9143 a prime number?
False
Is 1897 a prime number?
False
Is 5335943 composite?
True
Is 94345 a prime number?
False
Is 748159 prime?
False
Is 41357 a prime number?
True
Is 102283 prime?
False
Is 1699715 composite?
True
Is 28513 composite?
False
Is 16087 prime?
True
Is 66529 composite?
False
Is 1783 prime?
True
Is 401 a composite number?
False
Is 15161 composite?
False
Is 23755 prime?
False
Is 412249 composite?
False
Is 71731 a composite number?
True
Is 384889 a prime number?
True
Is 1754 prime?
False
Is 61961 prime?
True
Is 234751 composite?
True
Is 2554 a composite number?
True
Is 29769 composite?
True
Is 69691 a prime number?
True
Is 85741 prime?
False
Is 18637 a composite number?
False
Is 828433 a prime number?
False
Is 1623 prime?
False
Is 106637 a prime number?
True
Is 178661 prime?
False
Is 1439 composite?
False
Is 2437 a prime number?
True
Is 4331 prime?
False
Is 233735 prime?
False
Is 31379 composite?
False
Is 250343 a composite number?
False
Is 21911 a prime number?
True
Is 17383 composite?
False
Is 53987 composite?
False
Is 3958221 composite?
True
Is 28097 prime?
True
Is 884759 a prime number?
False
Is 3163 composite?
False
Is 211405 a composite number?
True
Is 2354039 a composite number?
False
Is 548299 composite?
True
Is 132329 composite?
False
Is 4559 prime?
False
Is 202153 a prime number?
False
Is 41793 composite?
True
Is 3190789 composite?
True
Is 110365 a prime number?
False
Is 203201 a prime number?
False
Is 34781 a composite number?
False
Is 3197 a composite number?
True
Is 5519 a composite number?
False
Is 155579 composite?
False
Is 24693 prime?
False
Is 13019 composite?
True
Is 546173 composite?
False
Is 91753 a composite number?
False
Is 32822 prime?
False
Is 1939 a composite number?
True
Is 687887 a prime number?
False
Is 29177 prime?
False
Is 7375319 prime?
False
Is 753991 a prime number?
False
Is 285547 a composite number?
True
Is 12373 a prime number?
True
Is 1914569 composite?
False
Is 414259 composite?
False
Is 907 prime?
True
Is 37579 prime?
True
Is 379261 a prime number?
False
Is 3163 prime?
True
Is 8465 prime?
False
Is 97919 prime?
True
Is 828889 a prime number?
True
Is 15815 composite?
True
Is 84179 prime?
True
Is 34783 a prime number?
False
Is 30161 prime?
True
Is 851 prime?
False
Is 64299 composite?
True
Is 7939 composite?
True
Is 20841 composite?
True
Is 289511 a prime number?
True
Is 40693 a prime number?
True
Is 9047 a composite number?
True
Is 6407 prime?
False
Is 73591 a composite number?
True
Is 1707 a prime number?
False
Is 26337 a composite number?
True
Is 130883 a prime number?
False
Is 2743 composite?
True
Is 5603 composite?
True
Is 9574 a composite number?
True
Is 25689 a composite number?
True
Is 16273 prime?
True
Is 61715 composite?
True
Is 171131 a composite number?
False
Is 14923 a composite number?
False
Is 115189 composite?
True
Is 389627 prime?
False
Is 18989 a composite number?
True
Is 200813 prime?
False
Is 15013 a composite number?
False
Is 1171 a prime number?
True
Is 161885 a composite number?
True
Is 365303 prime?
True
Is 454 prime?
False
Is 1438379 a composite number?
False
Is 583 a prime number?
False
Is 489389 a composite number?
False
Is 10223 a prime number?
True
Is 2733538 prime?
False
Is 5983 a prime number?
False
Is 136339 composite?
True
Is 7069 prime?
True
Is 139474 composite?
True
Is 177127 a composite number?
False
Is 1882553 a prime number?
False
Is 6359 prime?
True
Is 197233 a composite number?
False
Is 57883 prime?
False
Is 11405 a prime number?
False
Is 6991 a composite number?
False
Is 145511 a composite number?
False
Is 541391 prime?
True
Is 20249 prime?
True
Is 1811 a prime number?
True
Is 293 prime?
True
Is 203 prime?
False
Is 1541051 prime?
True
Is 357031 a prime number?
True
Is 437191 a prime number?
True
Is 69565 composite?
True
Is 38683 composite?
True
Is 4327 a composite number?
False
Is 36263 a prime number?
True
Is 62273 a prime number?
True
Is 3389 a composite number?
False
Is 616481 prime?
True
Is 238949 a composite number?
False
Is 40241 composite?
False
Is 64399 prime?
True
Is 3511 composite?
False
Is 272533 prime?
True
Is 4487047 prime?
False
Is 659 prime?
True
Is 71501 prime?
False
Is 110137 a prime number?
False
Is 12367 a prime number?
False
Is 698069 a prime number?
False
Is 499 a prime number?
True
Is 1064229 a composite number?
True
Is 127931 prime?
True
Is 5599 a prime number?
False
Is 500519 prime?
True
Is 25663 composite?
True
Is 281971 a composite number?
False
Is 39029 composite?
True
Is 4954 composite?
True
Is 732023 a composite number?
False
Is 129323 a composite number?
True
Is 3611951 a prime number?
False
Is 8543549 prime?
False
Is 52729 a composite number?
True
Is 6947 composite?
False
Is 1901 a prime number?
True
Is 6421 a composite number?
False
Is 72951 composite?
True
Is 477151 a prime number?
False
Is 601177 a prime number?
False
Is 263863 prime?
True
Is 159283 a prime number?
False
Is 682901 a prime number?
True
Is 29527 a composite number?
False
Is 7715 composite?
True
Is 826473 composite?
True
Is 26237 a composite number?
False
Is 9881 composite?
True
Is 3943 prime?
True
Is 79 a composite number?
False
Is 2153915 a composite number?
True
Is 40961 a prime number?
True
Is 30757 a composite number?
False
Is 25819 prime?
True
Is 175891 prime?
True
Is 18299 a composite number?
True
Is 3830303 prime?
True
Is 317921 a composite number?
False
Is 33599 a composite number?
False
Is 150497 a composite number?
False
Is 22757 a composite number?
True
Is 84047 prime?
True
Is 3821 composite?
False
Is 2126 composite?
True
Is 18923 a composite number?
True
Is 29171 a prime number?
False
Is 830731 a composite number?
True
Is 32969 prime?
True
Is 23347 a prime number?
False
Is 91 prime?
False
Is 13217 a prime number?
True
Is 4077439 a prime number?
True
Is 1020898 prime?
False
Is 11923 a composite number?
False
Is 43063 a composite number?
False
Is 8101 prime?
True
Is 5923 a composite number?
False
Is 12778 prime?
False
Is 35723 a composite number?
True
Is 147473 composite?
True
Is 558661 a composite number?
False
Is 471641 prime?
True
Is 44401 composite?
True
Is 11995 prime?
False
Is 249377